. Suppose 0 = -6*w - w + 19*w. Give h(w).
-16
Let k(l) = -2 - 1 - 12*l + 3 - 5. Let z(n) = 25*n + 11. Let w(m) = 13*k(m) + 6*z(m). Determine w(-1).
7
Let y(s) be the third derivative of s**6/120 + s**5/20 + s**4/8 + 7*s**3/3 - 440*s**2. Calculate y(-4).
-14
Let q(b) be the first derivative of b**4/4 - 5*b**3 + 23*b**2/2 - 118*b - 14128. Determine q(14).
8
Let k(p) = -560 - 557 - 3*p + 1114 + 4*p. Let t(j) = -4*j + 10. Let c(h) = -k(h) - t(h). Give c(6).
11
Suppose -82 = -5*g + 5*a + 33, 2*a - 86 = -4*g. Let k(s) = -s**2 + 20*s + 44. What is k(g)?
0
Let m(d) be the second derivative of 0 + 128*d + 5/2*d**2 - 1/6*d**3. Give m(-4).
9
Let p(i) = -i + 2 - 7 + 1 - 3. Let r(h) = 3*h**2 + 5*h. Let k be r(-4). Suppose 6*m + 29 = 3*m + v, -k = 2*m - 5*v. Determine p(m).
2
Let c be 2 - (22 + -11) - -5. Let x(o) = -8*o - 11. Calculate x(c).
21
Suppose 27*o = 4*a + 26*o - 676, 3*a - 3*o - 498 = 0. Let f(v) = v + 3 - 4*v - a*v**3 - 7*v**2 + 0*v + 169*v**3. What is f(-5)?
-32
Let w(m) = -m**2 - m + 4. Let p(r) = 37*r - 70*r + 8 - 2*r**2 + 32*r. Let q(u) = 2*p(u) - 5*w(u). Determine q(-4).
0
Let p(u) = -18*u + 5. Suppose 30*v + 9*v = 78. Determine p(v).
-31
Let r(w) = -w**3 + 31*w**2 + 31*w + 26. Let m be -3 + 410/130 + 3 + 750/26. Give r(m).
-6
Suppose -8 = -5*q + 7*q - 3*k, -2*q = k + 8. Let i be -28 + 25 - q*1. Let s(y) = -13*y**2. Determine s(i).
-13
Let u(x) = -3*x + 3. Let w(c) = 14*c - 117. Let b(f) = 6*u(f) + w(f). What is b(-24)?
-3
Let o(z) = 18*z**2 - z - 59*z**2 + 17*z**2 - 37 + 23*z**2. Determine o(0).
-37
Let p(v) = -v**2 + 6*v + 4. Let u(o) = o + 10. Let h be u(-5). Suppose 11*j - 36 = h*j. Give p(j).
4
Let d(b) be the third derivative of b**6/120 + 13*b**5/60 + 13*b**4/24 + 8*b**3/3 + 6*b**2 - 109. What is d(-12)?
4
Let u(p) be the third derivative of p**5/60 + p**4/24 + 3*p**3/2 + 6*p**2. Let i = 1006 - 1006. Calculate u(i).
9
Let s = -282 + 288. Let l(h) = 8*h - 3 - 4*h**3 - 7 - 7*h**2 + 12 + 5*h**3. Determine l(s).
14
Let g(q) be the third derivative of -23*q**5/60 + q**4/8 + q**3/6 - q**2 - 12*q + 8. What is g(1)?
-19
Let b be -14 - (-12 - 1) - -9. Let w(h) = 7*h - 63. Determine w(b).
-7
Suppose -410 = 280*s - 295 + 1285. Let f(u) = u**3 + 8*u**2 + 5*u - 16. What is f(s)?
34
Let v = -73 + 74. Let t(g) = 125*g**3 + 6*g + 33. Let s(n) = -25*n**3 - n - 6. Let x(w) = 11*s(w) + 2*t(w). What is x(v)?
-24
Let r be 400/240*(-12)/5. Let h(d) = d + 16. Determine h(r).
12
Suppose -3*m + 20 = 3*z - 1, 19 = 4*m - 5*z. Let r(u) = 7*u**2 - 98379*u**3 + 196759*u**3 - 2*u**2 + 7 + 2*u - 98381*u**3. Determine r(m).
-17
Let v(y) = 39 - 9 + 2*y - 2 - y**3 + y**2 - 27. Suppose -2*d = -d - 3. Suppose 0 = -d*c + 6. What is v(c)?
1
Let b(g) be the third derivative of 23*g**4/24 - 12*g**3 + 2*g**2 - 27*g. Calculate b(4).
20
Let r(n) = n**2 + 0*n**2 - 25 - 3*n - 8*n**2 - n**3 - 2*n**2. Let p be r(-8). Let c = -71 - p. Let t(m) = m - 1. Calculate t(c).
-7
Suppose 6 = 16*f - 18*f. Let r(u) = u**2 + u - 1. Let i be r(f). Suppose -5*d = i*q + 45, 0*q - 4*d = q + 18. Let z(n) = -n**3 - 6*n**2 + n + 2. What is z(q)?
-4
Suppose 45*u + 9938 - 9308 = 0. Let n(x) = -2*x**2 - 27*x + 36. Calculate n(u).
22
Suppose 0 = 8*i + 2*i - 675 + 655. Let s(r) be the second derivative of 10*r + 1/20*r**5 + 7/6*r**3 - i*r**2 - 1/2*r**4 + 0. What is s(5)?
6
Let d(v) = 2*v**2 - 6*v - 5. Suppose 4*n = -k + 32, 0 = -4*n - 4*k + 14 + 30. Determine d(n).
51
Let l be ((-6)/(-4) - 0)*-2. Let r(h) = -h**2 - 4*h - 1. Let t be r(-3). Let i(m) = 5*m**3 - m**3 - m**3 + 3*m**3 - 4 - 5*m**3 - 5*m + m**t. What is i(l)?
-7
Let v(l) = 7*l**2 - 5*l + 8. Let a(u) = -u**3 - 8*u**2 - 12*u + 18. Let f be a(-5). Let m(k) = -5*k**2 + 5*k - 6. Let r(d) = f*v(d) + 4*m(d). Give r(-6).
6
Let b = 4 - 2. Let i(l) be the third derivative of 0 - 1/120*l**6 + 1/60*l**5 + 0*l**3 - 19*l**2 - 1/12*l**4 + 0*l. Give i(b).
-8
Let x(n) = -3 - 5 + 7. Suppose -4*z + 11 = 4*r + 3, -z = 5*r - 6. Let m(p) = 2*p - 8. Let b(j) = r*x(j) - m(j). What is b(5)?
-3
Suppose 0 = 3*i - 3*s + 5*s + 6, -i - 5*s - 15 = 0. Let b(r) = r**2 - 2*r. Let v be b(i). Suppose v = -0*t - 5*t + 25. Let d(z) = 3*z - 4. Calculate d(t).
11
Suppose 16392*o - 16367*o - 125 = 0. Let n(d) be the first derivative of -d**5/40 + 7*d**4/24 + d**3 + 2. Let q(u) be the third derivative of n(u). Give q(o).
-8
Let s(y) = -y**3 - 20*y**2 - 68*y - 3. Let g be s(-16). Let i(a) = -46 - g*a**2 + 49*a**2 + 47 + a**3 + 11*a. Calculate i(11).
1
Let z(i) be the first derivative of i**6/360 + i**5/120 + i**4/24 - 4*i**3/3 - 9*i - 155. Let x(k) be the third derivative of z(k). Determine x(1).
3
Let x(r) = 66*r - 56. Let u(b) = 6*b - 1. Let i(z) = -10*u(z) + x(z). Determine i(5).
-16
Suppose -7*t - 3*t = -2*t. Suppose 48 = -6*r - t*r. Let h(j) = j. Let w(g) = 5*g + 9. Let m(n) = -3*h(n) + w(n). Calculate m(r).
-7
Let b(s) = 3*s**3 + 14*s**2 - 21*s - 7. Let g(z) = 16*z**3 + 76*z**2 - 107*z - 35. Let a(x) = 11*b(x) - 2*g(x). Calculate a(-5).
3
Let q(s) = 72*s - 447. Let h be q(6). Let y(l) = 27*l + 404. Calculate y(h).
-1
Let z(g) be the second derivative of 13*g**4/12 + g**3/3 - 2*g**2 + 2841*g. Determine z(3).
119
Let b(g) = -g**2. Let o(r) = -10*r**2 + 2*r. Let x(k) = 22*b(k) - 2*o(k). Let i = 80 - 71. Let m be (-69 - -70)/((-2)/(i + -1)). Give x(m).
-16
Let t(y) = 6*y**3 - 22*y**2 + 16*y - 45. Let p(o) = -10*o**3 + 33*o**2 - 25*o + 68. Let u(l) = -5*p(l) - 8*t(l). Calculate u(-6).
2
Let a = 53393 - 53406. Let b(p) be the first derivative of p**3/3 + 7*p**2 + 19*p + 2. Give b(a).
6
Let v be 18/(-4)*2208/(-828). Let m(k) = k**3 - 9*k**2 - 37*k + 12. Determine m(v).
0
Let d(g) be the third derivative of -1 + 0*g + 1/60*g**5 - 1/24*g**4 + 144*g**2 + 1/3*g**3. Let n(o) = -o**3 + o**2 + o - 3. Let b be n(0). Give d(b).
14
Let m(u) be the second derivative of u**5/20 - u**4/12 + u + 150. Let v be 6/(3*(4 + (1 - 4))). Give m(v).
4
Let t(n) be the third derivative of -n**6/360 + n**5/120 + 17*n**4/24 + 4*n**3 + 3*n**2 - 14. Let r(k) be the first derivative of t(k). Determine r(0).
17
Let h(b) = 14*b**2 - 51*b + 47. Let u(w) = -16*w**2 + 49*w - 50. Let k(r) = -6*h(r) - 5*u(r). Determine k(15).
-17
Let x(p) = -p**2 - 3*p + 4. Let f be (-35)/(-14) + (-26)/4. Let v be ((-28)/(-20) - 2)/(f/(-20)). Give x(v).
4
Let h(x) be the second derivative of -x**5/30 - 35*x**4/24 + 17*x**3/2 - x**2/2 + 128*x. Let z(o) be the second derivative of h(o). Give z(-9).
1
Suppose -2*g = 5*n - 9, 66 = 3*g + 4*n + 70. Let r(p) = -p**3 - 10*p**2 - 13*p - 9. Give r(g).
-33
Suppose -5*d = -0*d + 20. Suppose 9*b - 12*b + 13 = -s, -7 = -b + 3*s. Let a(z) = -9 - 4*z + 1 + 0*z + b. Determine a(d).
12
Let c(y) = -y**3 - 10*y**2 - 17*y - 1. Let j be (-1)/(1/(-4))*94/(-47). Give c(j).
7
Let i(g) = g**2 - 846 - 851 + 1693 - 7*g. Let v = -12 - -14. Suppose 0 = 4*u - 26 - v. Determine i(u).
-4
Let n(m) be the first derivative of 5*m**3/3 + 5*m**2/2 + 709. Determine n(-4).
60
Let w(a) = 2*a**3 + a**2 - a. Let s(k) be the second derivative of k**4/12 - 51*k**2 - 3*k + 18. Let g be s(10). Calculate w(g).
-10
Suppose 194*x - 376 = 100*x. Let p(o) be the first derivative of o**4/4 - 5*o**3/3 + 3*o**2/2 + 3*o - 32. What is p(x)?
-1
Let x = -36 + 47. Let d(n) = -21 + 7182*n**2 + n**3 + 52 - 7192*n**2 - 11*n - 17 - 18. Give d(x).
-4
Let n(o) = 4*o. Let j(z) = z + 14. Let r(f) = j(f) + 2*n(f). What is r(-2)?
-4
Let f(k) = -k**3 - 6*k**2 + 4*k + 6. Let s(v) = 2*v**2 + 10*v + 9. Let u be s(-5). Suppose -t - u = 3*a, 11 = -5*t + 4*a - 15. Calculate f(t).
-18
Let f be 4 - (2 - (10 + 63/(-7))). Let m(v) be the third derivative of 0*v + 0 - 1/8*v**4 - 26*v**2 + 1/2*v**f. Give m(2).
-3
Let k = -19 - -23. Suppose 6 = 6*n - k*n. Let x(t) = -t - 1. Let g(v) = 1. Let r(z) = g(z) + x(z). Determine r(n).
-3
Let r = 30 - 27. Let v(k) = -195 - 3*k + r*k**2 - 192 - 2*k**2 + 389. Determine v(3).
2
Let d(q) be the first derivative of -q**4/4 - 13*q**3/3 + 7*q**2 + 17*q + 561. Calculate d(-14).
17
Suppose -35 = 3*j + 118. Let o = 27 - j. Let k be 2/13 + 378/o. Let u(x) = -x**3 + 5*x**2 + 4*x - 7. Give u(k).
13
Let g(o) = 51*o + 51. Let x(p) = -4*p - 3. Let y(n) = -4*g(n) - 52*x(n). What is y(20)?
32
Let t(d) be the second derivative of d**5/20 - d**4/12 + 2*d**2 + 4183*d. Determine t(2).
8
Let t(s) be the third derivative of s**6/60 + s**5/20 - s**4/1